{"id":391,"date":"2013-10-16T20:12:29","date_gmt":"2013-10-16T20:12:29","guid":{"rendered":"http:\/\/www.damtoften6.dk\/Wordpress3\/?page_id=391"},"modified":"2021-07-25T22:33:04","modified_gmt":"2021-07-25T20:33:04","slug":"kig-indenfor","status":"publish","type":"page","link":"https:\/\/bk16.dk\/","title":{"rendered":"Forside"},"content":{"rendered":"<h3>F\u00f8dselsattesten siger m\u00e5ske &#8220;midaldrende&#8221; (eller ligefrem &#8220;\u00e6ldre&#8221;), men vi er bare unge mennesker af en vis modenhed.<\/h3>\n<h3>Vi spiller badminton en gang om ugen for sjov.<\/h3>\n","protected":false},"excerpt":{"rendered":"<p>F\u00f8dselsattesten siger m\u00e5ske &#8220;midaldrende&#8221; (eller ligefrem &#8220;\u00e6ldre&#8221;), men vi er bare unge mennesker af en vis modenhed. Vi spiller badminton en gang om ugen for sjov.<\/p>\n","protected":false},"author":2,"featured_media":0,"parent":0,"menu_order":5,"comment_status":"closed","ping_status":"closed","template":"","meta":{"footnotes":""},"class_list":["post-391","page","type-page","status-publish","hentry"],"_links":{"self":[{"href":"https:\/\/bk16.dk\/index.php?rest_route=\/wp\/v2\/pages\/391","targetHints":{"allow":["GET"]}}],"collection":[{"href":"https:\/\/bk16.dk\/index.php?rest_route=\/wp\/v2\/pages"}],"about":[{"href":"https:\/\/bk16.dk\/index.php?rest_route=\/wp\/v2\/types\/page"}],"author":[{"embeddable":true,"href":"https:\/\/bk16.dk\/index.php?rest_route=\/wp\/v2\/users\/2"}],"replies":[{"embeddable":true,"href":"https:\/\/bk16.dk\/index.php?rest_route=%2Fwp%2Fv2%2Fcomments&post=391"}],"version-history":[{"count":7,"href":"https:\/\/bk16.dk\/index.php?rest_route=\/wp\/v2\/pages\/391\/revisions"}],"predecessor-version":[{"id":746,"href":"https:\/\/bk16.dk\/index.php?rest_route=\/wp\/v2\/pages\/391\/revisions\/746"}],"wp:attachment":[{"href":"https:\/\/bk16.dk\/index.php?rest_route=%2Fwp%2Fv2%2Fmedia&parent=391"}],"curies":[{"name":"wp","href":"https:\/\/api.w.org\/{rel}","templated":true}]}}